uppose 4 = -2*u + 3*y - 0*y, -y = -3*u - 6. What is the remainder when 85 is divided by i(u)?
19
Let r = 418795 - 418777. What is the remainder when 26*(-1)/(1*-1) is divided by r?
8
Let a = 4622 - 4013. Calculate the remainder when 1222 is divided by a.
4
Let m = 26 - 25. Let u(f) = 28*f - 9. Suppose 2*t - 3 = -c + 40, c - 5*t - 22 = 0. Calculate the remainder when c is divided by u(m).
18
Let k = 10 + -4. Suppose 45*p - 43*p - 290 = 0. What is the remainder when p is divided by 28/k*-3*21/(-6)?
47
Let n(p) = p**3 - 12*p**2 - 11*p - 28. Let d be n(13). Let v be (-5 - d) + (2 - 3). What is the remainder when 157 is divided by v/16 + (-644)/(-16)?
37
Let g = -251 + 351. Suppose -9*l + g = -5*l. What is the remainder when 169 is divided by l?
19
Let l(j) = -4*j**3 + 18*j**2 + 9*j + 14. Let q = 4 + 2. Suppose -q*h = -5*h - 33. What is the remainder when h is divided by l(5)?
6
Let j(m) = -58*m + 19. Let f be j(-11). Let s = f + -648. Suppose 0*d = -2*d + 32. What is the remainder when d is divided by s?
7
Calculate the remainder when 30/435 + 7/((-1015)/(-14030))*50 is divided by 965.
13
Let a be 1/(((-27)/(-6))/(-9)). Let b be -87 + (-3 - a) + 4. What is the remainder when 79 is divided by (-7)/(b/(-40))*-3?
9
Suppose -5*f - 855 = -50. Let m = f - -262. What is the remainder when m is divided by 34?
33
Suppose 889*s - 5538 = 863*s. What is the remainder when s is divided by 6?
3
Let l(x) = -38*x - 576. Calculate the remainder when 97 is divided by l(-16).
1
Suppose 328*d = 426*d - 34202. Calculate the remainder when d is divided by 38.
7
Let g(s) = s**2 - 43*s + 8. What is the remainder when g(-13) is divided by 148?
144
Suppose -4*m - g = -313, 2*m - 29*g = -31*g + 152. Calculate the remainder when 14533 is divided by m.
76
Calculate the remainder when 262/5 + (-1304)/(-815) is divided by 3.
0
What is the remainder when 20975 is divided by 80 + -18 + -12 + -12?
37
Suppose 18 = 2*b + 12. Suppose 5*p - g - 2099 = 0, -3*g + 469 = b*p - 776. What is the remainder when p is divided by 35?
34
Suppose -3*f - 12 - 92 = 5*h, 5*h = 5*f + 120. Suppose -22 - 26 = -m. Calculate the remainder when 70 is divided by (f/(-8))/7*m.
22
Suppose m = 2*w + 72, 0 = -3*m - 4*w + 9*w + 216. Suppose 25*c = 29*c - m. Calculate the remainder when c is divided by 10.
8
Suppose -200 = 24*i - 34*i. Let b(j) = j**3 + 19*j**2 + 12*j - 17. What is the remainder when b(-16) is divided by i?
19
Let j = -50 - -45. Let a(q) = 4*q**2 - 8*q + 26. Let n(v) = 3*v**2 - 5*v + 17. Let s(u) = j*a(u) + 7*n(u). Calculate the remainder when s(-13) is divided by 47.
46
Suppose -35*c + 28730 = 50*c. Calculate the remainder when c is divided by 108.
14
Suppose -b - 60 = 5*r - 14, 0 = -3*b + 4*r - 43. What is the remainder when -4 - b*35/21 is divided by 5?
1
Suppose -4*i + i = -6. Let s(a) = -3*a**2 - 4*a + 5. Let x be s(i). Let h(f) = f**2 + 9*f - 24. What is the remainder when h(x) is divided by 34?
32
Suppose 333 = 3*q - 20*j + 18*j, 7*q - 3*j = 772. Calculate the remainder when 534 is divided by q.
98
Let w(b) = b - 7. Let m be w(10). Let n = 157 - m. Calculate the remainder when n is divided by 13.
11
Let b be 2 - ((-6)/15 + 60/25). Suppose b = -2*g - 4*f - 126, 2*g = 3*g + 5*f + 63. Calculate the remainder when 18 is divided by (-3 - g/15)*5.
0
Let o be (10098/(-8))/(-17) - 1/4. Suppose 206 = 5*n - o. What is the remainder when 222 is divided by n?
54
Let d(z) = 234*z**2 - 2. Suppose -p - 30 = -h - 26, -p + 16 = 3*h. Calculate the remainder when d(p) is divided by 74.
10
What is the remainder when (-4435340)/(-245) - 12/(-28)*-1 is divided by 17?
15
Let n(h) = -h**3 - 47*h**2 + 9*h + 440. Calculate the remainder when 1391 is divided by n(-47).
14
Let g be -15 + 6*2/6 + -2. Calculate the remainder when (-50)/g*(-84)/(-40)*16 is divided by 57.
55
Let r(v) = 37*v**2 + 2*v - 1. Suppose -51*x + 53*x = 2. Suppose -w = -c + 15, 0*c + 2*w = -3*c + 70. What is the remainder when r(x) is divided by c?
18
Let o be 14/63 - (-68)/18. Calculate the remainder when 327 is divided by (-2)/o + 6765/82.
81
Suppose 2*a + 4*i + 200 = 0, 99 = -a - 11*i + 10*i. Let b = -86 - a. Calculate the remainder when 38 is divided by b.
2
Suppose 3*z - 4*z + 3*v = -23, -2*v = -z + 20. Let j(l) = 271*l + 3641. Calculate the remainder when j(-13) is divided by z.
6
Suppose 3*w = -31 + 145. Suppose 3*b + 121 = g, -40*g + 166 = -4*b - 41*g. What is the remainder when w is divided by ((-1)/1 + b)/(-56 - -54)?
17
Let a = -298 + 303. Suppose -f + 170 = a*c, -3*f + 4*f = 0. What is the remainder when c is divided by 6?
4
Suppose w - 648 = -3*w. Suppose 2*l = -u + 8, -u + 40 = 4*u + 3*l. Let j(y) = 8*y - 53. Calculate the remainder when w is divided by j(u).
8
Let p = -1315 - -1325. Calculate the remainder when 267 is divided by p.
7
Suppose 161*a - 13551 = 13819. Calculate the remainder when 1030 is divided by a.
10
Let b = 4 + -6. Let d = 191 + -189. What is the remainder when ((134 + b)/(-2))/(-2) is divided by d?
1
Suppose 24*y - 869 + 237 = 16*y. What is the remainder when 578 is divided by y?
25
Let p = 5940 + -5237. What is the remainder when p is divided by 89?
80
Suppose 0 = -5*p - 5*h + 915, -3*h - 152 = 5*p - 1063. Let c = 333 - p. Suppose -31*t + c = -29*t. Calculate the remainder when t is divided by 26.
24
Let y(s) = s**2 + 4*s - 3. Calculate the remainder when ((-34)/(-8) + -12 + 7/1)*-116 is divided by y(-6).
6
Suppose 0*n - 4*n = -n. Suppose n = -3*h - 3*g + 79 + 41, -188 = -5*h + g. What is the remainder when h is divided by (20/3)/((-2)/(-6))?
18
Let v = -17516 + 17670. What is the remainder when 192 is divided by v?
38
Let o = -29 + 37. Let m(f) = -o + 2*f + 3*f - 2*f + 1. Calculate the remainder when 37 is divided by m(9).
17
Let c(k) = k**3 - 17*k**2 + 4*k - 32. Let x be c(17). Let n = 80 - x. Calculate the remainder when n is divided by 34.
10
Suppose -2*o - 320 + 92 = 0. Let z = -1979 - -2114. Let p = z + o. Calculate the remainder when 36 is divided by p.
15
Suppose -26111 = -147*l - 5384. What is the remainder when 1548 is divided by l?
138
Let g(v) = v**3 - 72*v + 283. Calculate the remainder when g(4) is divided by 16.
11
Let y be 3 + (202 - 5) + -5 + 1. Let j = 238 - y. Calculate the remainder when 65 is divided by j.
23
Suppose 2*x - 4*j = -3*j + 28, 2*x - 24 = -j. Let i be 1 + (-11)/6 - (-4976)/96. Suppose -i*t = 116 - 2003. What is the remainder when t is divided by x?
11
Calculate the remainder when 269 is divided by 171/6 - (-11*(-1)/(-2) - -4).
29
Suppose 0 = 13*o - 8 - 252. Let a = -132 - -263. Calculate the remainder when a is divided by 1014/24 + 35/o.
43
Suppose -s + 185 = -2*s. Let z = 60 + s. Let t = z - -167. Calculate the remainder when 165 is divided by t.
39
What is the remainder when 1637 is divided by (2/6)/((-72)/(-8424))?
38
Suppose 1858 = -25*y + 2083. What is the remainder when 192 is divided by y?
3
Let c(g) = -30*g**3 - 29*g**2 - 8*g - 36. Calculate the remainder when c(-7) is divided by 35.
34
Let z = 789 + 84. Suppose 6*y - z = y + r, 0 = y + 2*r - 168. Calculate the remainder when y is divided by 45.
39
Let g be 3*8*(-10)/12. Let r = g - -68. Let o(b) = -167*b - 312. Calculate the remainder when o(-3) is divided by r.
45
Let i(n) = 3*n**2 - 71*n + 1. Let l be i(29). Suppose 147*t = 132*t + l. What is the remainder when 122 is divided by t?
29
Suppose -4*y - 10*v + 486 = -1364, -2*y + 897 = v. What is the remainder when y is divided by 28?
25
Suppose 5*o = 3*i - 0*o - 653, 5*i - 4*o - 1097 = 0. What is the remainder when i is divided by ((-87)/58)/((-3)/74)?
36
Suppose -3*t - 52 = -7*t - 5*q, 40 = 3*t + 4*q. Let h(b) = b**2 - 7*b + 31. Calculate the remainder when 113 is divided by h(t).
35
Suppose 499*z = 511*z - 5628. Calculate the remainder when z is divided by 158.
153
Suppose -955 = 44*u - 39*u. Let l = -127 - u. What is the remainder when l is divided by 22?
20
Let a(d) = -d**3 - 37*d**2 + 86*d - 197. What is the remainder when a(-41) is divided by 68?
9
Let c(k) = 3*k + 42. Let z be c(-11). Let d(a) = -12*a + 118. Calculate the remainder when 21 is divided by d(z).
1
Let c(g) be the third derivative of -g**6/20 + 2*g**5/15 + g**4/2 - g**3/2 + 15*g**2 - 6*g. Calculate the remainder when c(-3) is divided by 49.
48
Suppose -x = -5*i - 99, 54 = -3*x + 4*x + 4*i. Calcula